{"id":589,"date":"2021-04-14T11:22:34","date_gmt":"2021-04-14T11:22:34","guid":{"rendered":"https:\/\/startersites.io\/blocksy\/homi\/?post_type=product&#038;p=589"},"modified":"2026-01-13T15:05:32","modified_gmt":"2026-01-13T14:05:32","slug":"modern-sofa","status":"publish","type":"product","link":"https:\/\/bloom-officiel.com\/?product=modern-sofa","title":{"rendered":"Collier \u00ab\u00a0cerise\u00a0\u00bb"},"content":{"rendered":"<ol>\n<li data-start=\"60\" data-end=\"359\">Collier \ud83c\udf52 \u00e9l\u00e9gant et original, orn\u00e9 d\u2019un pendentif en forme de cerises finement travaill\u00e9. Les deux fruits rouges scintillants sont sublim\u00e9s par des feuilles vertes d\u00e9licates, le tout mont\u00e9 sur une cha\u00eene dor\u00e9e raffin\u00e9e. Ce bijou apporte une touche fra\u00eeche, f\u00e9minine et l\u00e9g\u00e8rement r\u00e9tro \u00e0 votre tenue.<\/li>\n<\/ol>\n<p data-start=\"363\" data-end=\"398\">Mati\u00e8re: Acier inoxydable (Stainless Steel)<\/p>\n<p data-start=\"363\" data-end=\"398\">Couleur:\u00a0 dor\u00e9, rouge et vert<\/p>\n<p data-start=\"363\" data-end=\"398\">Motif: cerises brillantes<\/p>\n<p data-start=\"363\" data-end=\"398\">Style: chic, fantaisie et \u00e9l\u00e9gant<\/p>\n<p data-start=\"535\" data-end=\"612\">Parfait pour le quotidien, les sorties ou comme id\u00e9e cadeau<\/p>\n<p data-start=\"614\" data-end=\"705\" data-is-last-node=\"\" data-is-only-node=\"\">Un collier plein de charme qui ajoute une note de couleur et d\u2019originalit\u00e9 \u00e0 votre look \ud83c\udf52\u2728<\/p>\n","protected":false},"excerpt":{"rendered":"<p>Collier \ud83c\udf52 \u00e9l\u00e9gant et original, orn\u00e9 d\u2019un pendentif en forme de cerises finement travaill\u00e9. Les deux fruits rouges scintillants sont sublim\u00e9s par des feuilles vertes d\u00e9licates, le tout mont\u00e9 sur une cha\u00eene dor\u00e9e raffin\u00e9e. Ce bijou apporte une touche fra\u00eeche, f\u00e9minine et l\u00e9g\u00e8rement r\u00e9tro \u00e0 votre tenue. Mati\u00e8re: Acier inoxydable (Stainless Steel) Couleur:\u00a0 dor\u00e9, rouge [&hellip;]<\/p>\n","protected":false},"featured_media":1994,"comment_status":"open","ping_status":"closed","template":"","meta":[],"product_brand":[],"product_cat":[21],"product_tag":[],"class_list":{"0":"post-589","1":"product","2":"type-product","3":"status-publish","4":"has-post-thumbnail","6":"product_cat-colliers","8":"first","9":"instock","10":"shipping-taxable","11":"purchasable","12":"product-type-simple"},"_links":{"self":[{"href":"https:\/\/bloom-officiel.com\/index.php?rest_route=\/wp\/v2\/product\/589","targetHints":{"allow":["GET"]}}],"collection":[{"href":"https:\/\/bloom-officiel.com\/index.php?rest_route=\/wp\/v2\/product"}],"about":[{"href":"https:\/\/bloom-officiel.com\/index.php?rest_route=\/wp\/v2\/types\/product"}],"replies":[{"embeddable":true,"href":"https:\/\/bloom-officiel.com\/index.php?rest_route=%2Fwp%2Fv2%2Fcomments&post=589"}],"wp:featuredmedia":[{"embeddable":true,"href":"https:\/\/bloom-officiel.com\/index.php?rest_route=\/wp\/v2\/media\/1994"}],"wp:attachment":[{"href":"https:\/\/bloom-officiel.com\/index.php?rest_route=%2Fwp%2Fv2%2Fmedia&parent=589"}],"wp:term":[{"taxonomy":"product_brand","embeddable":true,"href":"https:\/\/bloom-officiel.com\/index.php?rest_route=%2Fwp%2Fv2%2Fproduct_brand&post=589"},{"taxonomy":"product_cat","embeddable":true,"href":"https:\/\/bloom-officiel.com\/index.php?rest_route=%2Fwp%2Fv2%2Fproduct_cat&post=589"},{"taxonomy":"product_tag","embeddable":true,"href":"https:\/\/bloom-officiel.com\/index.php?rest_route=%2Fwp%2Fv2%2Fproduct_tag&post=589"}],"curies":[{"name":"wp","href":"https:\/\/api.w.org\/{rel}","templated":true}]}}