{"id":285,"date":"2021-04-12T16:43:52","date_gmt":"2021-04-12T16:43:52","guid":{"rendered":"https:\/\/startersites.io\/blocksy\/homi\/?post_type=product&#038;p=285"},"modified":"2026-01-13T15:12:48","modified_gmt":"2026-01-13T14:12:48","slug":"redvelvet-chair","status":"publish","type":"product","link":"https:\/\/bloom-officiel.com\/?product=redvelvet-chair","title":{"rendered":"bracelet"},"content":{"rendered":"<p>Bracelet cha\u00eene avec maillon serti \u2013 Acier inoxydable dor\u00e9<\/p>\n<p>Ce bracelet sophistiqu\u00e9 se distingue par son maillon central serti de d\u00e9tails scintillants, apportant une touche lumineuse et raffin\u00e9e. Son jeu de contrastes entre la cha\u00eene dor\u00e9e et l\u2019\u00e9l\u00e9ment brillant en fait un bijou chic et r\u00e9solument moderne.<\/p>\n<p>Caract\u00e9ristiques :<\/p>\n<p>Mati\u00e8re : Acier inoxydable de haute qualit\u00e9<\/p>\n<p>Couleur : Dor\u00e9 avec d\u00e9tail argent\u00e9 scintillant<\/p>\n<p>Style : Chic, moderne, \u00e9l\u00e9gant<\/p>\n<p>Finition : Polie et brillante, d\u00e9tails finement travaill\u00e9s<\/p>\n<p>Design : Cha\u00eene \u00e0 maillons avec \u00e9l\u00e9ment central serti<\/p>\n<p>Fermoir : Anneau s\u00e9curis\u00e9<\/p>\n<p>Qualit\u00e9 : R\u00e9sistant \u00e0 l\u2019eau, ne noircit pas, anti-oxydation<\/p>\n<p>Confort : L\u00e9ger et agr\u00e9able \u00e0 porter<\/p>\n<p>\u2728 Un bijou \u00e9l\u00e9gant et tendance, id\u00e9al pour sublimer le poignet seul ou en accumulation pour un look sophistiqu\u00e9.<\/p>\n","protected":false},"excerpt":{"rendered":"<p>Bracelet cha\u00eene avec maillon serti \u2013 Acier inoxydable dor\u00e9 Ce bracelet sophistiqu\u00e9 se distingue par son maillon central serti de d\u00e9tails scintillants, apportant une touche lumineuse et raffin\u00e9e. Son jeu de contrastes entre la cha\u00eene dor\u00e9e et l\u2019\u00e9l\u00e9ment brillant en fait un bijou chic et r\u00e9solument moderne. Caract\u00e9ristiques : Mati\u00e8re : Acier inoxydable de haute [&hellip;]<\/p>\n","protected":false},"featured_media":1972,"comment_status":"open","ping_status":"closed","template":"","meta":[],"product_brand":[],"product_cat":[25],"product_tag":[],"class_list":{"0":"post-285","1":"product","2":"type-product","3":"status-publish","4":"has-post-thumbnail","6":"product_cat-bracelets","8":"first","9":"instock","10":"shipping-taxable","11":"purchasable","12":"product-type-simple"},"_links":{"self":[{"href":"https:\/\/bloom-officiel.com\/index.php?rest_route=\/wp\/v2\/product\/285","targetHints":{"allow":["GET"]}}],"collection":[{"href":"https:\/\/bloom-officiel.com\/index.php?rest_route=\/wp\/v2\/product"}],"about":[{"href":"https:\/\/bloom-officiel.com\/index.php?rest_route=\/wp\/v2\/types\/product"}],"replies":[{"embeddable":true,"href":"https:\/\/bloom-officiel.com\/index.php?rest_route=%2Fwp%2Fv2%2Fcomments&post=285"}],"wp:featuredmedia":[{"embeddable":true,"href":"https:\/\/bloom-officiel.com\/index.php?rest_route=\/wp\/v2\/media\/1972"}],"wp:attachment":[{"href":"https:\/\/bloom-officiel.com\/index.php?rest_route=%2Fwp%2Fv2%2Fmedia&parent=285"}],"wp:term":[{"taxonomy":"product_brand","embeddable":true,"href":"https:\/\/bloom-officiel.com\/index.php?rest_route=%2Fwp%2Fv2%2Fproduct_brand&post=285"},{"taxonomy":"product_cat","embeddable":true,"href":"https:\/\/bloom-officiel.com\/index.php?rest_route=%2Fwp%2Fv2%2Fproduct_cat&post=285"},{"taxonomy":"product_tag","embeddable":true,"href":"https:\/\/bloom-officiel.com\/index.php?rest_route=%2Fwp%2Fv2%2Fproduct_tag&post=285"}],"curies":[{"name":"wp","href":"https:\/\/api.w.org\/{rel}","templated":true}]}}