{"id":1834,"date":"2025-12-27T21:40:07","date_gmt":"2025-12-27T20:40:07","guid":{"rendered":"https:\/\/bloom-officiel.com\/?post_type=product&#038;p=1834"},"modified":"2026-01-13T09:01:13","modified_gmt":"2026-01-13T08:01:13","slug":"boucles-flora","status":"publish","type":"product","link":"https:\/\/bloom-officiel.com\/?product=boucles-flora","title":{"rendered":"Boucles Flora"},"content":{"rendered":"<p>Boucles en forme de fleur, de couleur dor\u00e9e. Chaque fleur a cinq p\u00e9tales arrondis avec une finition lisse et brillante. Leur design est simple, \u00e9l\u00e9gant et discret, id\u00e9al pour un usage quotidien ou comme bijou d\u00e9licat.<\/p>\n<p>R\u00e9alis\u00e9es en acier inoxydable premium, s\u00e9lectionn\u00e9 pour sa r\u00e9sistance exceptionnelle, sa durabilit\u00e9 et son confort optimal, m\u00eame au quotidien.<\/p>\n","protected":false},"excerpt":{"rendered":"<p>Boucles en forme de fleur, de couleur dor\u00e9e. Chaque fleur a cinq p\u00e9tales arrondis avec une finition lisse et brillante. Leur design est simple, \u00e9l\u00e9gant et discret, id\u00e9al pour un usage quotidien ou comme bijou d\u00e9licat. R\u00e9alis\u00e9es en acier inoxydable premium, s\u00e9lectionn\u00e9 pour sa r\u00e9sistance exceptionnelle, sa durabilit\u00e9 et son confort optimal, m\u00eame au quotidien.<\/p>\n","protected":false},"featured_media":2111,"comment_status":"open","ping_status":"closed","template":"","meta":[],"product_brand":[],"product_cat":[20],"product_tag":[],"class_list":{"0":"post-1834","1":"product","2":"type-product","3":"status-publish","4":"has-post-thumbnail","6":"product_cat-boucles","8":"first","9":"instock","10":"shipping-taxable","11":"purchasable","12":"product-type-variable"},"_links":{"self":[{"href":"https:\/\/bloom-officiel.com\/index.php?rest_route=\/wp\/v2\/product\/1834","targetHints":{"allow":["GET"]}}],"collection":[{"href":"https:\/\/bloom-officiel.com\/index.php?rest_route=\/wp\/v2\/product"}],"about":[{"href":"https:\/\/bloom-officiel.com\/index.php?rest_route=\/wp\/v2\/types\/product"}],"replies":[{"embeddable":true,"href":"https:\/\/bloom-officiel.com\/index.php?rest_route=%2Fwp%2Fv2%2Fcomments&post=1834"}],"wp:featuredmedia":[{"embeddable":true,"href":"https:\/\/bloom-officiel.com\/index.php?rest_route=\/wp\/v2\/media\/2111"}],"wp:attachment":[{"href":"https:\/\/bloom-officiel.com\/index.php?rest_route=%2Fwp%2Fv2%2Fmedia&parent=1834"}],"wp:term":[{"taxonomy":"product_brand","embeddable":true,"href":"https:\/\/bloom-officiel.com\/index.php?rest_route=%2Fwp%2Fv2%2Fproduct_brand&post=1834"},{"taxonomy":"product_cat","embeddable":true,"href":"https:\/\/bloom-officiel.com\/index.php?rest_route=%2Fwp%2Fv2%2Fproduct_cat&post=1834"},{"taxonomy":"product_tag","embeddable":true,"href":"https:\/\/bloom-officiel.com\/index.php?rest_route=%2Fwp%2Fv2%2Fproduct_tag&post=1834"}],"curies":[{"name":"wp","href":"https:\/\/api.w.org\/{rel}","templated":true}]}}