{"id":1828,"date":"2025-12-27T21:21:49","date_gmt":"2025-12-27T20:21:49","guid":{"rendered":"https:\/\/bloom-officiel.com\/?post_type=product&#038;p=1828"},"modified":"2026-01-12T14:39:00","modified_gmt":"2026-01-12T13:39:00","slug":"boucles-coquillage","status":"publish","type":"product","link":"https:\/\/bloom-officiel.com\/?product=boucles-coquillage","title":{"rendered":"Boucles coquillage"},"content":{"rendered":"<p>Boucles d\u2019oreilles en acier inoxydable, au design coquillage raffin\u00e9, finition dor\u00e9e lumineuse. L\u00e9g\u00e8res et r\u00e9sistantes, elles apportent une touche chic et moderne \u00e0 toutes vos tenues.<\/p>\n","protected":false},"excerpt":{"rendered":"<p>Boucles d\u2019oreilles en acier inoxydable, au design coquillage raffin\u00e9, finition dor\u00e9e lumineuse. L\u00e9g\u00e8res et r\u00e9sistantes, elles apportent une touche chic et moderne \u00e0 toutes vos tenues.<\/p>\n","protected":false},"featured_media":1818,"comment_status":"open","ping_status":"closed","template":"","meta":[],"product_brand":[],"product_cat":[20],"product_tag":[],"class_list":{"0":"post-1828","1":"product","2":"type-product","3":"status-publish","4":"has-post-thumbnail","6":"product_cat-boucles","8":"first","9":"instock","10":"sale","11":"shipping-taxable","12":"purchasable","13":"product-type-simple"},"_links":{"self":[{"href":"https:\/\/bloom-officiel.com\/index.php?rest_route=\/wp\/v2\/product\/1828","targetHints":{"allow":["GET"]}}],"collection":[{"href":"https:\/\/bloom-officiel.com\/index.php?rest_route=\/wp\/v2\/product"}],"about":[{"href":"https:\/\/bloom-officiel.com\/index.php?rest_route=\/wp\/v2\/types\/product"}],"replies":[{"embeddable":true,"href":"https:\/\/bloom-officiel.com\/index.php?rest_route=%2Fwp%2Fv2%2Fcomments&post=1828"}],"wp:featuredmedia":[{"embeddable":true,"href":"https:\/\/bloom-officiel.com\/index.php?rest_route=\/wp\/v2\/media\/1818"}],"wp:attachment":[{"href":"https:\/\/bloom-officiel.com\/index.php?rest_route=%2Fwp%2Fv2%2Fmedia&parent=1828"}],"wp:term":[{"taxonomy":"product_brand","embeddable":true,"href":"https:\/\/bloom-officiel.com\/index.php?rest_route=%2Fwp%2Fv2%2Fproduct_brand&post=1828"},{"taxonomy":"product_cat","embeddable":true,"href":"https:\/\/bloom-officiel.com\/index.php?rest_route=%2Fwp%2Fv2%2Fproduct_cat&post=1828"},{"taxonomy":"product_tag","embeddable":true,"href":"https:\/\/bloom-officiel.com\/index.php?rest_route=%2Fwp%2Fv2%2Fproduct_tag&post=1828"}],"curies":[{"name":"wp","href":"https:\/\/api.w.org\/{rel}","templated":true}]}}